{"id":1411,"date":"2020-05-21T08:43:57","date_gmt":"2020-05-21T06:43:57","guid":{"rendered":"http:\/\/www.lucadurzo.it\/?page_id=1411"},"modified":"2021-11-11T17:46:27","modified_gmt":"2021-11-11T16:46:27","slug":"privacy-policy","status":"publish","type":"page","link":"http:\/\/www.lucadurzo.it\/index.php\/privacy-policy\/","title":{"rendered":"INFORMATIVA PRIVACY"},"content":{"rendered":"<header class=\"entry-header\">\n<p class=\"entry-title\"><span style=\"font-size: inherit;\">In ottemperanza al Ue 679\/2016 e DL N\u00b0 196\/2003, in materia di protezione dei dati personali.<\/span><\/p>\n<\/header>\n<div class=\"entry-content\">\n<p><strong>Natura dei dati trattati da lucadurzo.it<\/strong>, in carico del trattamento, tratta i dati personali e fiscali, oltre a quelli di natura economica che sono necessari esclusivamente a svolgere il rapporto contrattuale con il cliente, in essere e futuro. <strong>Scopo del trattamento<\/strong>\u00a0I dati sono trattati secondo contratto, le conseguenti obbligazioni legali e fiscali e per consentire la gestione commerciale e finanziaria della relazione. I dati saranno trattati per l\u2019intera durata del contratto, e successivamente per l\u2019espletamento degli obblighi legali, amministrativi e commerciali.\u00a0<strong>Modalit\u00e0 del trattamento<\/strong>\u00a0Il trattamento dei dati \u00e8 effettuato con l\u2019utilizzo dei mezzi appropriati a garantire riservatezza e sicurezza. Il trattamento pu\u00f2 avvenire sia con mezzo cartaceo o con il supporto di strumenti informatici.\u00a0<strong>Obblighi e capacit\u00e0 di modifica dati<\/strong>\u00a0Riguardo ai dati che siamo obbligati a conoscere per l\u2019esecuzione del contratto e del rapporto commerciale o gli obblighi legali, secondo la normativa italiana e europea. La mancanza del conferimento dell\u2019autorizzazione all\u2019utilizzo dei vostri dati ci impedir\u00e0 di poter stabilire una relazione o proseguire una relazione commerciale.\u00a0<strong>Area di conoscenza e comunicazione dei vostri dati<\/strong> In qualit\u00e0 di\u00a0 persona responsabile, o nominata alla gestione del trattamento dati, solo gli amministratori, gli operatori che seguiranno il servizio potranno venire a conoscenza dei vostri dati e questi potranno essere comunicati se richiesto, per l\u2019espletamento di norme locali o comunitarie entro i limiti di tali norme e per l\u2019espletamento di compiti necessari al rapporto contrattuale (per esempio agli uffici comunali). Secondo l\u2019art. 7 del DL N\u00b0 196\/2003 \u00e8 vostro diritto di conoscere i vostri dati in nostro possesso, richiedere la loro integrazione, correzione o cancellazione. <strong>COOKIES<\/strong> Il presente sito fornisce inoltre parte dei dati raccolti a Google Analytics, un servizio di analisi web fornito da Google, che, attraverso l\u2019uso di cookies, raccoglie dati di navigazione anonimi allo scopo di tracciare ed esaminare l\u2019uso del sito, compilare report sulle attivit\u00e0 del sito e fornire altri servizi relativi alle attivit\u00e0 del sito, incluso il numero dei visitatori, e le pagine visitate. Google pu\u00f2 anche trasferire queste informazioni a terzi ove ci\u00f2 sia imposto dalla legge o laddove tali terzi trattino le suddette informazioni per conto di Google. Google non assocer\u00e0 l\u2019indirizzo Ip a nessun altro dato posseduto da Google. Utilizzando il presente sito web, l\u2019utente acconsente al trattamento dei dati da parte di Google per le modalit\u00e0 e i fini sopraindicati. I dati trasmessi a Google sono depositati presso i server di Google in America. Per ulteriori informazioni sull\u2019uso dei dati e sul loro trattamento da parte di Google si raccomanda di prendere visione delle informazioni al seguente indirizzo internet: http:\/\/www.google.com\/intl\/it\/policies\/privacy\/.<\/p>\n<\/div>\n","protected":false},"excerpt":{"rendered":"<p>In ottemperanza al Ue 679\/2016 e DL N\u00b0 196\/2003, in materia di protezione dei dati personali. Natura dei dati trattati da lucadurzo.it, in carico del trattamento, tratta i dati personali e fiscali, oltre a quelli di natura economica che sono necessari esclusivamente a svolgere il rapporto contrattuale con il cliente, in essere e futuro. Scopo [&hellip;]<\/p>\n","protected":false},"author":1,"featured_media":0,"parent":0,"menu_order":0,"comment_status":"closed","ping_status":"closed","template":"","meta":{"footnotes":""},"class_list":["post-1411","page","type-page","status-publish","hentry"],"_links":{"self":[{"href":"http:\/\/www.lucadurzo.it\/index.php\/wp-json\/wp\/v2\/pages\/1411","targetHints":{"allow":["GET"]}}],"collection":[{"href":"http:\/\/www.lucadurzo.it\/index.php\/wp-json\/wp\/v2\/pages"}],"about":[{"href":"http:\/\/www.lucadurzo.it\/index.php\/wp-json\/wp\/v2\/types\/page"}],"author":[{"embeddable":true,"href":"http:\/\/www.lucadurzo.it\/index.php\/wp-json\/wp\/v2\/users\/1"}],"replies":[{"embeddable":true,"href":"http:\/\/www.lucadurzo.it\/index.php\/wp-json\/wp\/v2\/comments?post=1411"}],"version-history":[{"count":3,"href":"http:\/\/www.lucadurzo.it\/index.php\/wp-json\/wp\/v2\/pages\/1411\/revisions"}],"predecessor-version":[{"id":2472,"href":"http:\/\/www.lucadurzo.it\/index.php\/wp-json\/wp\/v2\/pages\/1411\/revisions\/2472"}],"wp:attachment":[{"href":"http:\/\/www.lucadurzo.it\/index.php\/wp-json\/wp\/v2\/media?parent=1411"}],"curies":[{"name":"wp","href":"https:\/\/api.w.org\/{rel}","templated":true}]}}